6?
4
What is the units digit of 155974?
4
What is the millions digit of 6508273?
6
What is the hundreds digit of 653337?
3
What is the thousands digit of 6096398?
6
What is the ten thousands digit of 22963783?
6
What is the hundreds digit of 1041613?
6
What is the millions digit of 4348565?
4
What is the tens digit of 7486?
8
What is the ten thousands digit of 4378724?
7
What is the ten millions digit of 10711893?
1
What is the units digit of 231386?
6
What is the hundred thousands digit of 11755421?
7
What is the millions digit of 4083649?
4
What is the units digit of 11622879?
9
What is the hundreds digit of 849141?
1
What is the thousands digit of 110259?
0
What is the thousands digit of 1200336?
0
What is the thousands digit of 8755657?
5
What is the units digit of 87801?
1
What is the units digit of 3072669?
9
What is the thousands digit of 298999?
8
What is the units digit of 112598?
8
What is the ten thousands digit of 1339492?
3
What is the hundreds digit of 1439869?
8
What is the thousands digit of 1265276?
5
What is the tens digit of 3481043?
4
What is the ten thousands digit of 78800?
7
What is the thousands digit of 2322835?
2
What is the hundreds digit of 379539?
5
What is the hundred thousands digit of 29940720?
9
What is the units digit of 311054?
4
What is the units digit of 19998?
8
What is the ten thousands digit of 4435925?
3
What is the tens digit of 444203?
0
What is the millions digit of 1012592?
1
What is the ten thousands digit of 11400824?
0
What is the thousands digit of 46196?
6
What is the thousands digit of 26763?
6
What is the ten thousands digit of 9400331?
0
What is the hundreds digit of 601738?
7
What is the thousands digit of 1520423?
0
What is the hundreds digit of 112004?
0
What is the ten thousands digit of 192481?
9
What is the units digit of 207699?
9
What is the ten millions digit of 18817488?
1
What is the hundred thousands digit of 21460780?
4
What is the units digit of 17987383?
3
What is the thousands digit of 615105?
5
What is the tens digit of 4113208?
0
What is the tens digit of 1849715?
1
What is the units digit of 165224?
4
What is the hundred thousands digit of 225348?
2
What is the ten thousands digit of 130060?
3
What is the units digit of 2023592?
2
What is the units digit of 7105202?
2
What is the millions digit of 2382112?
2
What is the ten thousands digit of 2908537?
0
What is the units digit of 361196?
6
What is the tens digit of 1177314?
1
What is the tens digit of 26017279?
7
What is the hundred thousands digit of 10745207?
7
What is the tens digit of 43490?
9
What is the ten thousands digit of 4612649?
1
What is the hundreds digit of 1470291?
2
What is the thousands digit of 71515?
1
What is the millions digit of 7380605?
7
What is the millions digit of 1189546?
1
What is the ten thousands digit of 245349?
4
What is the hundreds digit of 224672?
6
What is the hundreds digit of 5087198?
1
What is the hundred thousands digit of 269620?
2
What is the tens digit of 1658476?
7
What is the thousands digit of 773339?
3
What is the thousands digit of 1350913?
0
What is the ten thousands digit of 1365901?
6
What is the units digit of 192129?
9
What is the hundred thousands digit of 1258672?
2
What is the units digit of 2613480?
0
What is the thousands digit of 889689?
9
What is the hundred thousands digit of 348360?
3
What is the hundred thousands digit of 470118?
4
What is the tens digit of 365105?
0
What is the units digit of 2493265?
5
What is the ten thousands digit of 5555597?
5
What is the tens digit of 685432?
3
What is the tens digit of 1363732?
3
What is the units digit of 668260?
0
What is the thousands digit of 181044?
1
What is the millions digit of 2575808?
2
What is the thousands digit of 139829?
9
What is the hundred thousands digit of 489829?
4
What is the hundred thousands digit of 3034673?
0
What is the hundreds digit of 1087368?
3
What is the thousands digit of 182993?
2
What is the thousands digit of 34613684?
3
What is the tens digit of 309548?
4
What is the hundreds digit of 437966?
9
What is the thousands digit of 4699359?
9
What is the ten thousands digit of 58226?
5
What is the ten thousands digit of 585402?
8
What is the hundred thousands digit of 3360010?
3
What is the tens digit of 205770?
7
What is the ten thousands digit of 5205601?
0
What is the millions digit of 1098061?
1
What is the hundred thousands digit of 1358260?
3
What is the tens digit of 9077624?
2
What is the tens digit of 266215?
1
What is the ten thousands digit of 784210?
8
What is the millions digit of 6637165?
6
What is the hundred thousands digit of 2018780?
0
What is the thousands digit of 289120?
9
What is the tens digit of 1192423?
2
What is the tens digit of 1750518?
1
What is the ten thousands digit of 13915931?
1
What is the thousands digit of 317506?
7
What is the units digit of 2024226?
6
What is the hundred thousands digit of 11305802?
3
What is the hundred thousands digit of 3913198?
9
What is the thousands digit of 1003516?
3
What is the millions digit of 1120006?
1
What is the ten thousands digit of 399490?
9
What is the hundred thousands digit of 555322?
5
What is the hundreds digit of 153608?
6
What is the units digit of 117631?
1
What is the thousands digit of 3237252?
7
What is the hundred thousands digit of 636853?
6
What is the units digit of 313374?
4
What is the hundred thousands digit of 7157528?
1
What is the tens digit of 103362?
6
What is the hundreds digit of 98986?
9
What is the hundred thousands digit of 9565673?
5
What is the ten thousands digit of 315082?
1
What is the units digit of 633484?
4
What is the thousands digit of 1820759?
0
What is the tens digit of 955001?
0
What is the hundreds digit of 11560997?
9
What is the units digit of 4314311?
1
What is the hundreds digit of 97992?
9
What is the hundred thousands digit of 993399?
9
What is the tens digit of 3137111?
1
What is the tens digit of 1202138?
3
What is the units digit of 23099190?
0
What is the ten thousands digit of 154747?
5
What is the millions digit of 1390633?
1
What is the tens digit of 4223866?
6
What is the hundred thousands digit of 262694?
2
What is the hundred thousands digit of 4425228?
4
What is the hundreds digit of 821927?
9
What is the tens digit of 890319?
1
What is the thousands digit of 10446882?
6
What is the tens digit of 35045?
4
What is the hundreds digit of 2948198?
1
What is the tens digit of 846386?
8
What is the thousands digit of 89357?
9
What is the hundreds digit of 16154488?
4
What is the units digit of 120713?
3
What is the ten thousands digit of 4499881?
9
What is the millions digit of 2684884?
2
What is the units digit of 7034298?
8
What is the hundreds digit of 740078?
0
What is the hundreds digit of 6220483?
4
What is the thousands digit of 1067963?
7
What is the hundreds digit of 1271815?
8
What is the hundreds digit of 320041?
0
What is the ten millions digit of 12139631?
1
What is the thousands digit of 6679458?
9
What is the hundred thousands digit of 25331835?
3
What is the hundred thousands digit of 2890951?
8
What is the units digit of 10926867?
7
What is the hundred thousands digit of 1885622?
8
What is the millions digit of 4889650?
4
What is the hundred thousands digit of 401083?
4
What is the millions digit of 6538970?
6
What is the millions digit of 8782095?
8
What is the millions digit of 2346089?
2
What is the ten thousands digit of 380040?
8
What is the hundred thousands digit of 168263?
1
What is the thousands digit of 406233?
6
What is the ten thousands digit of 2223131?
2
What is the hundred thousands digit of 273452?
2
What is the millions digit of 2147522?
2
What is the hundred thousands digit of 1384204?
3
What is the hundreds digit of 567778?
7
What is the ten thousands digit of 7425981?
2
What is the ten thousands digit of 2616570?
1
What is the units digit of 2955947?
7
What is the millions digit of 3111517?
3
What is the tens digit of 97938?
3
What is the units digit of 18528515?
5
What is the hundred thousands digit of 5945801?
9
What is the tens digit of 5252458?
5
What is the hundreds digit of 827362?
3
What is the thousands digit of 451470?
1
What is the units digit of 33922494?
4
What is the tens digit of 1885807?
0
What is the tens d